s and 60.
20
Suppose 0 = 89*x - 88*x - 155. What is the greatest common divisor of 31 and x?
31
Let s be (-5)/((-10)/(-12))*-20. Let p = -103 + 118. Calculate the greatest common divisor of s and p.
15
Let a be 1/7 - (-186)/21. Let o(k) = 2*k**3 - 4*k**2 - k + 3. Let x be o(3). What is the highest common factor of x and a?
9
Let s = -21 + 35. What is the highest common factor of 21 and s?
7
Let k = -114 + 214. Let j = 3 - -1. Suppose -3*d + 0*d + 5*r + k = 0, 2*d - 96 = -j*r. What is the greatest common divisor of 100 and d?
20
Suppose 0 = 3*s - 5*g - 58, 4*s + 6*g - g = 54. What is the highest common divisor of 4 and s?
4
Let m(s) = -s**3 - 12*s**2 + 8*s - 5. Let t be m(-13). Suppose -2*v + 6*v = t. What is the greatest common divisor of 75 and v?
15
Let a be (-48*(-6)/(-9))/(-2). Calculate the highest common factor of 80 and a.
16
Let o(r) = r**3 - 4*r**2 - 2*r - 7. Let p be o(5). Calculate the greatest common divisor of p and 8.
8
Let o = -79 - 44. Let c = -88 - o. Let k be 4/6*(c + 1). What is the highest common divisor of 3 and k?
3
Suppose 0 = 5*a - 22 - 8. Let c be (4/(-6))/((-2)/9). Let i be (10/c)/(1/9). Calculate the greatest common divisor of i and a.
6
Let h be 4/16 - (-398)/8. Suppose -h = -2*w + 134. Calculate the greatest common divisor of w and 23.
23
Suppose -4*h + 75 = -h. Suppose 84*i - 81*i - 30 = 0. Calculate the highest common factor of h and i.
5
Let x be 4/(((-10)/4)/5). Let v be (-11)/44 - 354/x. Calculate the greatest common factor of v and 4.
4
Let x = -20 - -24. Let r be 2/(-4)*2*-5. Suppose -r*t + 44 + 16 = 0. Calculate the highest common divisor of x and t.
4
Suppose -4*p + 8 + 14 = 2*r, -2*p + 17 = 3*r. Suppose 0 = 8*f - r*f - 120. Calculate the greatest common divisor of f and 60.
12
Let q(s) = s - 13. Let h be q(6). Let c = 12 + h. Calculate the greatest common divisor of 20 and c.
5
Let n(o) = -o**3 - 9*o**2 - 8*o + 7. Let t be n(-8). What is the highest common divisor of t and 7?
7
Let s be (4/(-10))/(3/(-45)). What is the highest common divisor of 21 and s?
3
Let c(k) = k + 2. Let s be c(0). Suppose -5*f + s*f - 3*x + 114 = 0, -3 = -x. Suppose -3*h = -9 - 33. What is the greatest common factor of f and h?
7
Suppose 3*d + 5*v = 277, 4*d = -5*v + 88 + 288. Let u(m) = -m + 15. Let h be u(12). Suppose -2 + 29 = h*p. Calculate the greatest common divisor of d and p.
9
Let t be 1/((2/9)/2). Suppose 5*a - v - 2 = 0, 4*v = -4*a + 7 + t. Let z be 611/195 + (-4)/30. Calculate the highest common divisor of z and a.
1
Suppose -x + 2*x = -3*h + 203, 0 = -5*h + 5. What is the greatest common factor of 40 and x?
40
Let i(z) = -z**3 - 6*z**2 - 2*z - 13. Let t be i(-9). Suppose 4*b + 0*y = 5*y + 193, 5*b = 4*y + t. Calculate the greatest common factor of b and 13.
13
Let f(z) = -14*z - 22. Let t be f(-3). Calculate the greatest common factor of 20 and t.
20
Let n(x) = x**3 + x**2 - x + 33. Let t be n(0). What is the highest common factor of t and 231?
33
Let p(x) = 2*x - 33. Let z be p(17). Calculate the highest common divisor of z and 5.
1
Let b(q) = -q + 2. Suppose i = -5*v - 7, -3*v - 4 = -1. Let k be b(i). What is the greatest common factor of 4 and k?
4
Let j be (-48)/(-15)*(-5)/(-2)*3. What is the greatest common divisor of j and 360?
24
Let b = 47 - 26. Suppose 129 - b = o. What is the greatest common factor of o and 12?
12
Let b(m) = -2*m + 1. Let u be b(-3). Let p(c) = -4 - u*c + 2 + 3. Let l be p(-1). What is the highest common divisor of l and 20?
4
Let s(f) = f**2 + 15*f + 5. Let z be s(-15). Suppose 2*g + 1 - z = 0. Calculate the highest common divisor of 10 and g.
2
Let t be (3 - (-8)/(-2))*1. Let n be (t/2)/(1/(-14)). What is the greatest common factor of 35 and n?
7
Suppose -t = 3*t - 272. Calculate the highest common divisor of 17 and t.
17
Let r be -61*(2/(-2) + -1). Let h = r + 121. Let f be h + ((-4)/(-2))/(-2). What is the greatest common factor of 22 and f?
22
Let j(r) = 13*r + 2. Let d be j(1). Suppose -4 = 2*o + 3*b, -3*o = -2*b - 3 - 17. Let v = 9 - o. Calculate the greatest common divisor of d and v.
5
Let m(w) = -w**2 - 8*w - 5. Let t be m(-6). Calculate the highest common factor of t and 2.
1
Suppose 21 = -0*u + 3*u. What is the greatest common factor of u and 7?
7
Let h = 11 - 1. Calculate the greatest common divisor of 25 and h.
5
Let c be (-3348)/(-22) + 5*(-10)/275. Calculate the greatest common factor of 19 and c.
19
Suppose -32*b + 1848 = -28*b. What is the highest common factor of 42 and b?
42
Let d(h) = -h**3 - 8*h**2 - 8*h - 8. Let t be d(-7). Let f be -17*(t + 2 + -2). Let v be ((-119)/2)/(2/(-4)). What is the greatest common divisor of v and f?
17
Suppose 0 = -4*n - c + 34, 6*c - 28 = -4*n + 2*c. What is the greatest common factor of 81 and n?
9
Let d = -38 - -119. What is the highest common divisor of 18 and d?
9
Let g be (225/100)/(86/(-88) - -1). Let u = 16 + -5. Calculate the greatest common divisor of g and u.
11
Let h be ((-12)/(-24))/((-1)/(-2)). Let b be 0 - (h + (-2)/1). What is the greatest common divisor of b and 5?
1
Let j be (-1)/(((-3)/60)/1). Suppose 4*c - 2*y = 56, -41 = -5*c - 2*y + j. Calculate the greatest common divisor of c and 13.
13
Let m = -182 + 46. Let t be (m/(-20))/((-4)/(-10)). What is the greatest common divisor of 187 and t?
17
Let u = -5 + 8. Suppose 4*j - 5 = u. Calculate the highest common factor of j and 18.
2
Let l(q) = 3 + 2 - q**2 - 5 + 12*q. Let b be l(10). Let n(m) = -50*m. Let a be n(-1). What is the greatest common divisor of a and b?
10
Suppose -4*g = -0*g + 140. Let s = g + 50. What is the greatest common factor of 10 and s?
5
Let s be (-1203)/(-63) - 26/273. Let h(o) = o**3 + o**2 - 8*o + 5. Let r be h(6). Calculate the highest common factor of s and r.
19
Suppose -8 = 4*p, -5*p - 6 = b + 5. Let g be (0 + b)/((-3)/6). Let d(h) = 3*h**2 + 2*h. Let z be d(g). What is the highest common factor of z and 112?
16
Let p = -22 - -37. What is the greatest common divisor of p and 45?
15
Suppose 0*g = -5*m + g + 60, 4*g - 20 = 0. Suppose 0 = -5*u + 2 + m. Let c be (-3*2)/3 + u. Calculate the greatest common divisor of 3 and c.
1
Suppose -3*u - 11 = -0*u + 4*h, 0 = -4*u - 3*h - 10. Let v be (-2 + u - -1)/1. Let b be 1 + (-1 - v/1). Calculate the greatest common factor of 2 and b.
2
Suppose 2*y - 108 = -4*i, -170 + 53 = -2*y - i. Let o(l) = -4*l - 4. Let b be o(-6). What is the greatest common divisor of y and b?
20
Let q(g) = g**2 - 7. Let z be q(-4). What is the greatest common divisor of 36 and z?
9
Suppose -x = -3*k - k - 16, -46 = -4*x - 2*k. Calculate the greatest common divisor of x and 24.
12
Let r be (-3)/(-6)*-1*-22. Let h be (1 + 6/2)*22. What is the greatest common divisor of h and r?
11
Let y = -5 - -11. Let d = 19 - 1. Calculate the greatest common divisor of y and d.
6
Let c(s) = -s - 5. Let p be c(-8). Suppose -2*x = 2*x + 2*h - 2, -2*x - 5*h = 11. Suppose -x = -q + p. What is the highest common factor of q and 2?
1
Suppose 5*m - 42 = 363. Suppose 2*n + 76 = 5*i + 6*n, -2*i + 5*n = -37. Let o = i + -7. Calculate the highest common factor of o and m.
9
Let j = 11 - 7. Let x be ((-2)/j)/((-1)/12). What is the greatest common factor of 12 and x?
6
Suppose -q - 5*y - 47 = -7, 3*y = -5*q - 134. Let x = -19 - q. Calculate the greatest common divisor of x and 66.
6
Suppose 2*h - 31 = h. Let n = -22 + h. Suppose 18 = f - 63. What is the highest common divisor of n and f?
9
Let j be ((1 - -2) + -3)/(-1). Suppose j = -3*a + 3, -5*n = -4*n - a - 20. Calculate the greatest common factor of 14 and n.
7
Let u be ((-18)/15)/((-2)/10). Let d(s) = s + 16. Let v be d(-12). Calculate the greatest common divisor of v and u.
2
Let s be (-1)/2*(-1 - 1). Let v = s + 29. Let i be (-1)/(-1) - -9 - -2. Calculate the greatest common divisor of i and v.
6
Let a(z) = z. Let f be a(2). Calculate the highest common factor of 18 and f.
2
Suppose -3*f + 137 + 115 = -4*r, 0 = -5*f - 3*r + 420. Let q = f + -35. Let c be ((-1)/(-2))/((-2)/(-28)). Calculate the greatest common divisor of q and c.
7
Let a be (-2)/13 - (-30604)/182. Calculate the greatest common divisor of a and 24.
24
Suppose 0 = -0*i + i - 38. Let m = 86 - i. What is the greatest common factor of 6 and m?
6
Suppose 3*g = 2*w + 184, -4*w = 3*g - 7*w - 180. Suppose 2*p - 5*a = -p + g, -3*a = -3*p + 72. Wha